on divisor of 182 and 351.
13
Calculate the greatest common factor of 266 and 722.
38
What is the greatest common divisor of 89 and 979?
89
What is the highest common divisor of 4430 and 20?
10
What is the highest common divisor of 291 and 3?
3
Calculate the greatest common divisor of 102 and 34.
34
Calculate the highest common divisor of 15 and 735.
15
What is the highest common factor of 56 and 238?
14
Calculate the highest common factor of 3141 and 45.
9
Calculate the greatest common factor of 2030 and 14500.
290
What is the greatest common divisor of 558 and 30?
6
What is the highest common factor of 75 and 100?
25
Calculate the highest common factor of 165 and 2595.
15
What is the highest common divisor of 1755 and 260?
65
What is the highest common factor of 222 and 12?
6
What is the highest common factor of 902 and 82?
82
Calculate the highest common divisor of 51 and 204.
51
Calculate the greatest common divisor of 9 and 33777.
9
Calculate the greatest common divisor of 670 and 150.
10
Calculate the highest common divisor of 1079 and 166.
83
What is the highest common divisor of 213 and 1136?
71
Calculate the greatest common factor of 13 and 34138.
13
What is the greatest common factor of 105 and 15?
15
Calculate the highest common factor of 5 and 115.
5
What is the highest common divisor of 153 and 799?
17
What is the highest common divisor of 232 and 56?
8
Calculate the greatest common divisor of 448 and 980.
28
Calculate the highest common factor of 708 and 12.
12
Calculate the greatest common divisor of 671 and 209.
11
Calculate the highest common divisor of 1728 and 27.
27
Calculate the greatest common factor of 91 and 221.
13
What is the highest common factor of 3510 and 26?
26
What is the greatest common divisor of 12 and 6396?
12
What is the greatest common divisor of 47 and 1598?
47
What is the highest common factor of 441 and 315?
63
Calculate the highest common divisor of 120 and 160.
40
What is the highest common divisor of 65 and 13?
13
What is the highest common factor of 47 and 376?
47
What is the greatest common factor of 689 and 13?
13
What is the greatest common factor of 10 and 160?
10
What is the greatest common divisor of 78 and 429?
39
What is the greatest common factor of 130 and 20?
10
Calculate the highest common divisor of 2289 and 231.
21
Calculate the greatest common divisor of 486 and 6.
6
Calculate the highest common divisor of 2637 and 9.
9
Calculate the greatest common divisor of 1495 and 1859.
13
Calculate the greatest common divisor of 4387 and 41.
41
Calculate the highest common divisor of 72 and 18.
18
What is the greatest common factor of 36 and 156?
12
What is the greatest common factor of 34 and 85?
17
What is the greatest common divisor of 69 and 9154?
23
What is the greatest common factor of 84 and 168?
84
Calculate the highest common factor of 99 and 333.
9
What is the highest common factor of 152 and 24?
8
Calculate the greatest common divisor of 195 and 260.
65
Calculate the highest common divisor of 214 and 7597.
107
What is the greatest common divisor of 147 and 6?
3
Calculate the greatest common divisor of 238 and 68.
34
What is the greatest common factor of 54 and 7974?
18
Calculate the highest common divisor of 8 and 88.
8
What is the greatest common factor of 295 and 944?
59
Calculate the greatest common divisor of 319 and 1421.
29
Calculate the greatest common factor of 180 and 5.
5
What is the greatest common divisor of 44 and 32?
4
What is the greatest common divisor of 3270 and 590?
10
What is the highest common factor of 377 and 91?
13
What is the greatest common factor of 36 and 171?
9
Calculate the highest common divisor of 145 and 30.
5
What is the greatest common factor of 624 and 195?
39
Calculate the greatest common divisor of 5586 and 126.
42
What is the highest common factor of 30414 and 444?
222
What is the greatest common factor of 1295 and 35?
35
What is the greatest common factor of 28 and 19?
1
Calculate the greatest common factor of 215 and 172.
43
What is the highest common factor of 47 and 893?
47
Calculate the highest common divisor of 490 and 280.
70
What is the highest common divisor of 184 and 64?
8
Calculate the greatest common factor of 160 and 2210.
10
What is the highest common divisor of 11 and 1595?
11
What is the highest common factor of 6 and 2?
2
What is the greatest common divisor of 704 and 128?
64
What is the highest common divisor of 125 and 20875?
125
Calculate the greatest common factor of 13010 and 10.
10
Calculate the highest common factor of 5 and 515.
5
Calculate the highest common divisor of 585 and 495.
45
Calculate the greatest common divisor of 24 and 42.
6
What is the highest common factor of 48 and 16?
16
Calculate the highest common divisor of 372 and 36.
12
What is the highest common factor of 380 and 228?
76
Calculate the greatest common divisor of 872 and 24.
8
Calculate the greatest common divisor of 152 and 32.
8
Calculate the highest common divisor of 20 and 68.
4
What is the highest common divisor of 456 and 14022?
114
What is the greatest common factor of 2975 and 49?
7
What is the highest common factor of 6167 and 7?
7
Calculate the highest common divisor of 45 and 144.
9
What is the highest common factor of 325 and 150?
25
What is the greatest common divisor of 125 and 65?
5
Calculate the highest common divisor of 25 and 5335.
5
Calculate the highest common divisor of 236 and 12.
4
What is the highest common divisor of 3264 and 144?
48
What is the highest common factor of 45 and 1485?
45
What is the highest common divisor of 14 and 287?
7
What is the highest common divisor of 31 and 279?
31
What is the highest common factor of 594 and 44?
22
Calculate the greatest common divisor of 2117 and 219.
73
What is the highest common factor of 338 and 1768?
26
Calculate the greatest common divisor of 17955 and 210.
105
What is the greatest common factor of 213 and 284?
71
Calculate the highest common divisor of 44 and 5984.
44
Calculate the greatest common divisor of 689 and 338.
13
What is the greatest common divisor of 27 and 4671?
27
What is the greatest common factor of 774 and 13674?
258
What is the greatest common divisor of 30 and 10?
10
Calculate the highest common factor of 583 and 371.
53
What is the greatest common factor of 1944 and 198?
18
What is the greatest common divisor of 594 and 1350?
54
What is the greatest common divisor of 32 and 24?
8
What is the highest common divisor of 512 and 416?
32
Calculate the greatest common factor of 212 and 4.
4
What is the highest common factor of 121 and 5511?
11
What is the greatest common divisor of 35665 and 70?
35
Calculate the highest common factor of 90 and 4518.
18
Calculate the highest common divisor of 2808 and 208.
104
Calculate the highest common divisor of 2 and 467.
1
What is the greatest common divisor of 264 and 4136?
88
Calculate the highest common divisor of 3072 and 640.
128
Calculate the greatest common factor of 224 and 8848.
112
What is the greatest common factor of 72 and 68?
4
Calculate the greatest common divisor of 55 and 5489.
11
Calculate the highest common factor of 88 and 1342.
22
Calculate the highest common factor of 63 and 777.
21
Calculate the highest common factor of 9538 and 38.
38
What is the greatest common divisor of 392 and 10864?
56
Calculate the highest common factor of 7398 and 324.
54
Calculate the greatest common factor of 7421 and 905.
181
Calculate the greatest common divisor of 657 and 365.
73
Calculate the greatest common factor of 589 and 19.
19
Calculate the greatest common factor of 61 and 61.
61
Calculate the highest common factor of 130 and 4.
2
Calculate the highest common factor of 111 and 407.
37
Calculate the greatest common factor of 138 and 391.
23
What is the highest common divisor of 90 and 2124?
18
What is the greatest common divisor of 806 and 156?
26
What is the highest common divisor of 117 and 39?
39
What is the highest common factor of 210 and 2590?
70
What is the greatest common divisor of 1862 and 392?
98
What is the greatest common factor of 55 and 605?
55
Calculate the highest common divisor of 5285 and 35.
35
What is the highest common factor of 69101 and 43?
43
Calculate the greatest common factor of 205 a